{"id":184,"date":"2024-12-30T13:17:07","date_gmt":"2024-12-30T13:17:07","guid":{"rendered":"https:\/\/demo.lxp.fi\/mobie\/?page_id=184"},"modified":"2026-02-05T08:30:23","modified_gmt":"2026-02-05T06:30:23","slug":"etusivu","status":"publish","type":"page","link":"https:\/\/demo.lxp.fi\/mobie\/","title":{"rendered":"Etusivu"},"content":{"rendered":"\n<figure class=\"wp-block-image size-full\"><img loading=\"lazy\" decoding=\"async\" width=\"318\" height=\"84\" src=\"https:\/\/demo.lxp.fi\/mobie\/wp-content\/uploads\/sites\/2\/2025\/01\/mobie_tunnus_srgb.png\" alt=\"\" class=\"wp-image-213\" srcset=\"https:\/\/demo.lxp.fi\/mobie\/wp-content\/uploads\/sites\/2\/2025\/01\/mobie_tunnus_srgb.png 318w, https:\/\/demo.lxp.fi\/mobie\/wp-content\/uploads\/sites\/2\/2025\/01\/mobie_tunnus_srgb-300x79.png 300w, https:\/\/demo.lxp.fi\/mobie\/wp-content\/uploads\/sites\/2\/2025\/01\/mobie_tunnus_srgb-252x67.png 252w\" sizes=\"auto, (max-width: 318px) 100vw, 318px\" \/><\/figure>\n\n\n\n<h2 class=\"wp-block-heading\">Tervetuloa Mobien teko\u00e4lyavusteiseen oppimisymp\u00e4rist\u00f6\u00f6n!<\/h2>\n\n\n\n<p>Olet juuri saapunut Mobie Oy:n yll\u00e4pit\u00e4m\u00e4\u00e4n&nbsp;<strong>Competence X -oppimisymp\u00e4rist\u00f6\u00f6n<\/strong>. Tutustu oppimisymp\u00e4rist\u00f6\u00f6n sek\u00e4 sen teko\u00e4lypohjaisiin ty\u00f6kaluihin.<\/p>\n\n\n\n<p>Mobien teko\u00e4lyohjatulla AI-LXP-alustalla voit k\u00e4ytt\u00e4\u00e4 turvallisesti haluamaasi kielimallia (mm. ChatGPT, Copilot, Gemini, MobieAI) oman koulutusmateriaalin tuottamisessa. LXP-alustalla sinulla on oma data-allas, johon voit ladata omia l\u00e4hteit\u00e4 (pdf, ppt, xls, mp3, URL), joita voit k\u00e4ytt\u00e4\u00e4 sitten kurssin tuottamisessa.<\/p>\n\n\n\n<h2 class=\"wp-block-heading\">L\u00f6yd\u00e4t Mobien AI LXP alustalta seuraavia teko\u00e4lypohjaisia rikastety\u00f6kaluja:<\/h2>\n\n\n\n<ul class=\"wp-block-list\">\n<li>AI Chat<\/li>\n\n\n\n<li>AI Kurssirakentaja<\/li>\n\n\n\n<li>AI Kuvastudio<\/li>\n\n\n\n<li>AI H5P teht\u00e4v\u00e4ty\u00f6kalu<\/li>\n\n\n\n<li>AI Kurssikuvittaja<\/li>\n\n\n\n<li>AI Podcast<\/li>\n\n\n\n<li>AI Bot<\/li>\n\n\n\n<li>AI kurssin kielenk\u00e4\u00e4nt\u00e4j\u00e4 <\/li>\n<\/ul>\n\n\n\n<h3 class=\"wp-block-heading\">Lis\u00e4ksi Mobien LXP alusta tarjoaa seuraavat ty\u00f6kalut koulutusmateriaalin tuottamiseen ja rikastamiseen:<\/h3>\n\n\n\n<ul class=\"wp-block-list\">\n<li>Suojattu media-arkisto (profiilikohtainen n\u00e4k\u00f6oikeus)<\/li>\n\n\n\n<li>Kurssiaktiivisuus dashboard (yksil\u00f6, ryhm\u00e4 ja opettaja n\u00e4kym\u00e4t)<\/li>\n\n\n\n<li>Sis\u00e4inen somekanava ja kurssien keskustelukanavat<\/li>\n\n\n\n<li>Lomakej\u00e4rjestelm\u00e4<\/li>\n\n\n\n<li>Mobie Zine julkaisuj\u00e4rjestelm\u00e4<\/li>\n\n\n\n<li>BigBlueButton videokonferenssij\u00e4rjestelm\u00e4<\/li>\n\n\n\n<li>360 kuvien julkaisuj\u00e4rjestelm\u00e4 (iPanorama360)<\/li>\n\n\n\n<li>H5P alustan kaikki rikasteteht\u00e4v\u00e4ty\u00f6kalut<\/li>\n\n\n\n<li>Ubicast videointegraatio (LTI)<\/li>\n\n\n\n<li>Seppo.io pelien integraatio (LTI)<\/li>\n\n\n\n<li>MPASSid tai Azure AD integraatio<\/li>\n<\/ul>\n\n\n\n<p><a href=\"https:\/\/www.mobie.fi\/#footer-widgets\" target=\"_blank\" rel=\"noreferrer noopener\">Lis\u00e4tietoa ja tilaukset suoraan Mobien verkkosivuilta!<\/a><\/p>\n\n\n\n<ul class=\"wp-block-social-links is-layout-flex wp-block-social-links-is-layout-flex\"><li class=\"wp-social-link wp-social-link-linkedin  wp-block-social-link\"><a href=\"https:\/\/www.linkedin.com\/company\/2462860\" class=\"wp-block-social-link-anchor\"><svg width=\"24\" height=\"24\" viewBox=\"0 0 24 24\" version=\"1.1\" xmlns=\"http:\/\/www.w3.org\/2000\/svg\" aria-hidden=\"true\" focusable=\"false\"><path d=\"M19.7,3H4.3C3.582,3,3,3.582,3,4.3v15.4C3,20.418,3.582,21,4.3,21h15.4c0.718,0,1.3-0.582,1.3-1.3V4.3 C21,3.582,20.418,3,19.7,3z M8.339,18.338H5.667v-8.59h2.672V18.338z M7.004,8.574c-0.857,0-1.549-0.694-1.549-1.548 c0-0.855,0.691-1.548,1.549-1.548c0.854,0,1.547,0.694,1.547,1.548C8.551,7.881,7.858,8.574,7.004,8.574z M18.339,18.338h-2.669 v-4.177c0-0.996-0.017-2.278-1.387-2.278c-1.389,0-1.601,1.086-1.601,2.206v4.249h-2.667v-8.59h2.559v1.174h0.037 c0.356-0.675,1.227-1.387,2.526-1.387c2.703,0,3.203,1.779,3.203,4.092V18.338z\"><\/path><\/svg><span class=\"wp-block-social-link-label screen-reader-text\">LinkedIn<\/span><\/a><\/li><\/ul>\n","protected":false},"excerpt":{"rendered":"<p>Tervetuloa Mobien teko\u00e4lyavusteiseen oppimisymp\u00e4rist\u00f6\u00f6n! Olet juuri saapunut Mobie Oy:n yll\u00e4pit\u00e4m\u00e4\u00e4n&nbsp;Competence X -oppimisymp\u00e4rist\u00f6\u00f6n. Tutustu oppimisymp\u00e4rist\u00f6\u00f6n sek\u00e4 sen teko\u00e4lypohjaisiin ty\u00f6kaluihin. Mobien teko\u00e4lyohjatulla AI-LXP-alustalla voit k\u00e4ytt\u00e4\u00e4 turvallisesti haluamaasi&hellip;<\/p>\n","protected":false},"author":6,"featured_media":0,"parent":0,"menu_order":0,"comment_status":"closed","ping_status":"closed","template":"","meta":{"_uag_custom_page_level_css":"","footnotes":""},"class_list":["post-184","page","type-page","status-publish","hentry"],"spectra_custom_meta":{"_customize_changeset_uuid":["19a90e55-b967-4037-8a25-df719d105d4a"],"_edit_lock":["1776326959:50"],"_edit_last":["6"],"ld_course_steps":["a:7:{s:5:\"steps\";a:1:{s:1:\"h\";a:2:{s:12:\"sfwd-lessons\";a:0:{}s:9:\"sfwd-quiz\";a:0:{}}}s:9:\"course_id\";i:199;s:7:\"version\";s:6:\"4.25.0\";s:5:\"empty\";b:0;s:22:\"course_builder_enabled\";b:1;s:27:\"course_shared_steps_enabled\";b:1;s:11:\"steps_count\";i:0;}"],"_ld_course_steps_count":["0"],"_ame_cpe_post_policy":["{\"accessProtection\":{\"active\":\"replace\"}}"],"_wpml_word_count":["250"],"_wpml_location_migration_done":["1"],"_learndash_course_grid_short_description":[""],"_page":["a:2:{i:0;s:0:\"\";s:29:\"page_course_short_description\";s:0:\"\";}"],"_learndash_course_grid_duration":[""],"_learndash_course_grid_enable_video_preview":["0"],"_learndash_course_grid_video_embed_code":[""],"_learndash_course_grid_custom_button_text":[""],"_learndash_course_grid_custom_ribbon_text":["Moikka maailma!"],"_wpml_media_duplicate":["1"],"_wpml_media_featured":["1"],"_uag_css_file_name":["uag-css-184.css"],"_uag_page_assets":["a:9:{s:3:\"css\";s:263:\".uag-blocks-common-selector{z-index:var(--z-index-desktop) !important}@media (max-width: 976px){.uag-blocks-common-selector{z-index:var(--z-index-tablet) !important}}@media (max-width: 767px){.uag-blocks-common-selector{z-index:var(--z-index-mobile) !important}}\n\";s:2:\"js\";s:0:\"\";s:18:\"current_block_list\";a:13:{i:0;s:10:\"core\/image\";i:1;s:12:\"core\/heading\";i:2;s:14:\"core\/paragraph\";i:3;s:9:\"core\/list\";i:4;s:14:\"core\/list-item\";i:5;s:17:\"core\/social-links\";i:6;s:16:\"core\/social-link\";i:7;s:11:\"core\/search\";i:8;s:10:\"core\/group\";i:9;s:17:\"core\/latest-posts\";i:10;s:20:\"core\/latest-comments\";i:11;s:13:\"core\/archives\";i:12;s:15:\"core\/categories\";}s:8:\"uag_flag\";b:0;s:11:\"uag_version\";i:1777965162;s:6:\"gfonts\";a:0:{}s:10:\"gfonts_url\";s:0:\"\";s:12:\"gfonts_files\";a:0:{}s:14:\"uag_faq_layout\";b:0;}"]},"uagb_featured_image_src":{"full":false,"thumbnail":false,"medium":false,"medium_large":false,"large":false,"magazine-cw3":false,"magazine-cw6":false,"magazine-cw9":false,"magazine-cw12":false,"magazine-thumb":false,"magazine-toc":false,"1536x1536":false,"2048x2048":false,"post-thumbnail":false},"uagb_author_info":{"display_name":"Jukka","author_link":"https:\/\/demo.lxp.fi\/mobie\/author\/jukkasormunen\/"},"uagb_comment_info":0,"uagb_excerpt":"Tervetuloa Mobien teko\u00e4lyavusteiseen oppimisymp\u00e4rist\u00f6\u00f6n! Olet juuri saapunut Mobie Oy:n yll\u00e4pit\u00e4m\u00e4\u00e4n&nbsp;Competence X -oppimisymp\u00e4rist\u00f6\u00f6n. Tutustu oppimisymp\u00e4rist\u00f6\u00f6n sek\u00e4 sen teko\u00e4lypohjaisiin ty\u00f6kaluihin. Mobien teko\u00e4lyohjatulla AI-LXP-alustalla voit k\u00e4ytt\u00e4\u00e4 turvallisesti haluamaasi&hellip;","_links":{"self":[{"href":"https:\/\/demo.lxp.fi\/mobie\/wp-json\/wp\/v2\/pages\/184","targetHints":{"allow":["GET"]}}],"collection":[{"href":"https:\/\/demo.lxp.fi\/mobie\/wp-json\/wp\/v2\/pages"}],"about":[{"href":"https:\/\/demo.lxp.fi\/mobie\/wp-json\/wp\/v2\/types\/page"}],"author":[{"embeddable":true,"href":"https:\/\/demo.lxp.fi\/mobie\/wp-json\/wp\/v2\/users\/6"}],"replies":[{"embeddable":true,"href":"https:\/\/demo.lxp.fi\/mobie\/wp-json\/wp\/v2\/comments?post=184"}],"version-history":[{"count":16,"href":"https:\/\/demo.lxp.fi\/mobie\/wp-json\/wp\/v2\/pages\/184\/revisions"}],"predecessor-version":[{"id":12288,"href":"https:\/\/demo.lxp.fi\/mobie\/wp-json\/wp\/v2\/pages\/184\/revisions\/12288"}],"wp:attachment":[{"href":"https:\/\/demo.lxp.fi\/mobie\/wp-json\/wp\/v2\/media?parent=184"}],"curies":[{"name":"wp","href":"https:\/\/api.w.org\/{rel}","templated":true}]}}